{"id":13,"date":"2021-01-19T13:34:14","date_gmt":"2021-01-19T13:34:14","guid":{"rendered":"https:\/\/www.arbeitskreis-sozialpolitik.de\/?page_id=13"},"modified":"2024-04-19T17:10:21","modified_gmt":"2024-04-19T15:10:21","slug":"impressum","status":"publish","type":"page","link":"https:\/\/www.arbeitskreis-sozialpolitik.de\/index.php\/impressum\/","title":{"rendered":"Impressum"},"content":{"rendered":"<p>Betreiberin und inhaltlich verantwortlich im Sinne des Paragraphen 5 TMG f\u00fcr diese Webseite ist die:<\/p>\n<p><strong>Semtrix GmbH<\/strong><br \/>\nRethelstra\u00dfe 38<br \/>\n40237 D\u00fcsseldorf<\/p>\n<p>Handelsregister: 75564<br \/>\nRegistergericht: D\u00fcsseldorf<\/p>\n<p><strong>Vertreten durch:<\/strong><br \/>\nAndr\u00e9a Bensaid<\/p>\n<p><strong>Kontakt<br \/>\n<\/strong>Telefon: +49 (0) 211 688 535-0<br \/>\nE-Mail: info@semtrix.de<\/p>\n<p><strong>Umsatzsteuer-ID<br \/>\n<\/strong>Umsatzsteuer-Identifikationsnummer gem\u00e4\u00df \u00a7 27 a Umsatzsteuergesetz:<br \/>\nDE 815576239<\/p>\n<p><strong>Redaktionell verantwortlich<br \/>\n<\/strong>Andr\u00e9a Bensaid<\/p>\n<p><strong>Verbraucher\u00adstreit\u00adbeilegung\/Universal\u00adschlichtungs\u00adstelle<br \/>\n<\/strong>Wir sind nicht bereit oder verpflichtet, an Streitbeilegungsverfahren vor einer Verbraucherschlichtungsstelle teilzunehmen.<\/p>\n","protected":false},"excerpt":{"rendered":"<p>Betreiberin und inhaltlich verantwortlich im Sinne des Paragraphen 5 TMG f\u00fcr diese Webseite ist die: Semtrix GmbH Rethelstra\u00dfe 38 40237 D\u00fcsseldorf Handelsregister: 75564 Registergericht: D\u00fcsseldorf Vertreten durch: Andr\u00e9a Bensaid Kontakt Telefon: +49 (0) 211 688 535-0 E-Mail: info@semtrix.de Umsatzsteuer-ID Umsatzsteuer-Identifikationsnummer gem\u00e4\u00df \u00a7 27 a Umsatzsteuergesetz: DE 815576239 Redaktionell verantwortlich Andr\u00e9a Bensaid Verbraucher\u00adstreit\u00adbeilegung\/Universal\u00adschlichtungs\u00adstelle Wir sind nicht&hellip;<\/p>\n<p class=\"more-link\"><a href=\"https:\/\/www.arbeitskreis-sozialpolitik.de\/index.php\/impressum\/\" class=\"themebutton\">Read More<\/a><\/p>\n","protected":false},"author":1,"featured_media":0,"parent":0,"menu_order":0,"comment_status":"closed","ping_status":"closed","template":"","meta":{"footnotes":""},"class_list":["post-13","page","type-page","status-publish","hentry"],"yoast_head":"<!-- This site is optimized with the Yoast SEO plugin v27.5 - https:\/\/yoast.com\/product\/yoast-seo-wordpress\/ -->\n<title>Impressum - Arbeitskreis Sozialpolitik<\/title>\n<meta name=\"robots\" content=\"index, nofollow, max-snippet:-1, max-image-preview:large, max-video-preview:-1\" \/>\n<link rel=\"canonical\" href=\"https:\/\/www.arbeitskreis-sozialpolitik.de\/index.php\/impressum\/\" \/>\n<meta property=\"og:locale\" content=\"de_DE\" \/>\n<meta property=\"og:type\" content=\"article\" \/>\n<meta property=\"og:title\" content=\"Impressum - Arbeitskreis Sozialpolitik\" \/>\n<meta property=\"og:description\" content=\"Betreiberin und inhaltlich verantwortlich im Sinne des Paragraphen 5 TMG f\u00fcr diese Webseite ist die: Semtrix GmbH Rethelstra\u00dfe 38 40237 D\u00fcsseldorf Handelsregister: 75564 Registergericht: D\u00fcsseldorf Vertreten durch: Andr\u00e9a Bensaid Kontakt Telefon: +49 (0) 211 688 535-0 E-Mail: info@semtrix.de Umsatzsteuer-ID Umsatzsteuer-Identifikationsnummer gem\u00e4\u00df \u00a7 27 a Umsatzsteuergesetz: DE 815576239 Redaktionell verantwortlich Andr\u00e9a Bensaid Verbraucher\u00adstreit\u00adbeilegung\/Universal\u00adschlichtungs\u00adstelle Wir sind nicht&hellip;Read More\" \/>\n<meta property=\"og:url\" content=\"https:\/\/www.arbeitskreis-sozialpolitik.de\/index.php\/impressum\/\" \/>\n<meta property=\"og:site_name\" content=\"Arbeitskreis Sozialpolitik\" \/>\n<meta property=\"article:modified_time\" content=\"2024-04-19T15:10:21+00:00\" \/>\n<meta name=\"twitter:card\" content=\"summary_large_image\" \/>\n<meta name=\"twitter:label1\" content=\"Gesch\u00e4tzte Lesezeit\" \/>\n\t<meta name=\"twitter:data1\" content=\"1\u00a0Minute\" \/>\n<script type=\"application\/ld+json\" class=\"yoast-schema-graph\">{\"@context\":\"https:\\\/\\\/schema.org\",\"@graph\":[{\"@type\":\"WebPage\",\"@id\":\"https:\\\/\\\/www.arbeitskreis-sozialpolitik.de\\\/index.php\\\/impressum\\\/\",\"url\":\"https:\\\/\\\/www.arbeitskreis-sozialpolitik.de\\\/index.php\\\/impressum\\\/\",\"name\":\"Impressum - Arbeitskreis Sozialpolitik\",\"isPartOf\":{\"@id\":\"https:\\\/\\\/www.arbeitskreis-sozialpolitik.de\\\/#website\"},\"datePublished\":\"2021-01-19T13:34:14+00:00\",\"dateModified\":\"2024-04-19T15:10:21+00:00\",\"breadcrumb\":{\"@id\":\"https:\\\/\\\/www.arbeitskreis-sozialpolitik.de\\\/index.php\\\/impressum\\\/#breadcrumb\"},\"inLanguage\":\"de\",\"potentialAction\":[{\"@type\":\"ReadAction\",\"target\":[\"https:\\\/\\\/www.arbeitskreis-sozialpolitik.de\\\/index.php\\\/impressum\\\/\"]}]},{\"@type\":\"BreadcrumbList\",\"@id\":\"https:\\\/\\\/www.arbeitskreis-sozialpolitik.de\\\/index.php\\\/impressum\\\/#breadcrumb\",\"itemListElement\":[{\"@type\":\"ListItem\",\"position\":1,\"name\":\"Startseite\",\"item\":\"https:\\\/\\\/www.arbeitskreis-sozialpolitik.de\\\/\"},{\"@type\":\"ListItem\",\"position\":2,\"name\":\"Impressum\"}]},{\"@type\":\"WebSite\",\"@id\":\"https:\\\/\\\/www.arbeitskreis-sozialpolitik.de\\\/#website\",\"url\":\"https:\\\/\\\/www.arbeitskreis-sozialpolitik.de\\\/\",\"name\":\"Arbeitskreis Sozialpolitik\",\"description\":\"\",\"potentialAction\":[{\"@type\":\"SearchAction\",\"target\":{\"@type\":\"EntryPoint\",\"urlTemplate\":\"https:\\\/\\\/www.arbeitskreis-sozialpolitik.de\\\/?s={search_term_string}\"},\"query-input\":{\"@type\":\"PropertyValueSpecification\",\"valueRequired\":true,\"valueName\":\"search_term_string\"}}],\"inLanguage\":\"de\"}]}<\/script>\n<!-- \/ Yoast SEO plugin. -->","yoast_head_json":{"title":"Impressum - Arbeitskreis Sozialpolitik","robots":{"index":"index","follow":"nofollow","max-snippet":"max-snippet:-1","max-image-preview":"max-image-preview:large","max-video-preview":"max-video-preview:-1"},"canonical":"https:\/\/www.arbeitskreis-sozialpolitik.de\/index.php\/impressum\/","og_locale":"de_DE","og_type":"article","og_title":"Impressum - Arbeitskreis Sozialpolitik","og_description":"Betreiberin und inhaltlich verantwortlich im Sinne des Paragraphen 5 TMG f\u00fcr diese Webseite ist die: Semtrix GmbH Rethelstra\u00dfe 38 40237 D\u00fcsseldorf Handelsregister: 75564 Registergericht: D\u00fcsseldorf Vertreten durch: Andr\u00e9a Bensaid Kontakt Telefon: +49 (0) 211 688 535-0 E-Mail: info@semtrix.de Umsatzsteuer-ID Umsatzsteuer-Identifikationsnummer gem\u00e4\u00df \u00a7 27 a Umsatzsteuergesetz: DE 815576239 Redaktionell verantwortlich Andr\u00e9a Bensaid Verbraucher\u00adstreit\u00adbeilegung\/Universal\u00adschlichtungs\u00adstelle Wir sind nicht&hellip;Read More","og_url":"https:\/\/www.arbeitskreis-sozialpolitik.de\/index.php\/impressum\/","og_site_name":"Arbeitskreis Sozialpolitik","article_modified_time":"2024-04-19T15:10:21+00:00","twitter_card":"summary_large_image","twitter_misc":{"Gesch\u00e4tzte Lesezeit":"1\u00a0Minute"},"schema":{"@context":"https:\/\/schema.org","@graph":[{"@type":"WebPage","@id":"https:\/\/www.arbeitskreis-sozialpolitik.de\/index.php\/impressum\/","url":"https:\/\/www.arbeitskreis-sozialpolitik.de\/index.php\/impressum\/","name":"Impressum - Arbeitskreis Sozialpolitik","isPartOf":{"@id":"https:\/\/www.arbeitskreis-sozialpolitik.de\/#website"},"datePublished":"2021-01-19T13:34:14+00:00","dateModified":"2024-04-19T15:10:21+00:00","breadcrumb":{"@id":"https:\/\/www.arbeitskreis-sozialpolitik.de\/index.php\/impressum\/#breadcrumb"},"inLanguage":"de","potentialAction":[{"@type":"ReadAction","target":["https:\/\/www.arbeitskreis-sozialpolitik.de\/index.php\/impressum\/"]}]},{"@type":"BreadcrumbList","@id":"https:\/\/www.arbeitskreis-sozialpolitik.de\/index.php\/impressum\/#breadcrumb","itemListElement":[{"@type":"ListItem","position":1,"name":"Startseite","item":"https:\/\/www.arbeitskreis-sozialpolitik.de\/"},{"@type":"ListItem","position":2,"name":"Impressum"}]},{"@type":"WebSite","@id":"https:\/\/www.arbeitskreis-sozialpolitik.de\/#website","url":"https:\/\/www.arbeitskreis-sozialpolitik.de\/","name":"Arbeitskreis Sozialpolitik","description":"","potentialAction":[{"@type":"SearchAction","target":{"@type":"EntryPoint","urlTemplate":"https:\/\/www.arbeitskreis-sozialpolitik.de\/?s={search_term_string}"},"query-input":{"@type":"PropertyValueSpecification","valueRequired":true,"valueName":"search_term_string"}}],"inLanguage":"de"}]}},"_links":{"self":[{"href":"https:\/\/www.arbeitskreis-sozialpolitik.de\/index.php\/wp-json\/wp\/v2\/pages\/13","targetHints":{"allow":["GET"]}}],"collection":[{"href":"https:\/\/www.arbeitskreis-sozialpolitik.de\/index.php\/wp-json\/wp\/v2\/pages"}],"about":[{"href":"https:\/\/www.arbeitskreis-sozialpolitik.de\/index.php\/wp-json\/wp\/v2\/types\/page"}],"author":[{"embeddable":true,"href":"https:\/\/www.arbeitskreis-sozialpolitik.de\/index.php\/wp-json\/wp\/v2\/users\/1"}],"replies":[{"embeddable":true,"href":"https:\/\/www.arbeitskreis-sozialpolitik.de\/index.php\/wp-json\/wp\/v2\/comments?post=13"}],"version-history":[{"count":3,"href":"https:\/\/www.arbeitskreis-sozialpolitik.de\/index.php\/wp-json\/wp\/v2\/pages\/13\/revisions"}],"predecessor-version":[{"id":138,"href":"https:\/\/www.arbeitskreis-sozialpolitik.de\/index.php\/wp-json\/wp\/v2\/pages\/13\/revisions\/138"}],"wp:attachment":[{"href":"https:\/\/www.arbeitskreis-sozialpolitik.de\/index.php\/wp-json\/wp\/v2\/media?parent=13"}],"curies":[{"name":"wp","href":"https:\/\/api.w.org\/{rel}","templated":true}]}}

<p>Betreiberin und inhaltlich verantwortlich im Sinne des Paragraphen 5 TMG für diese Webseite ist die:</p>
<p><strong>Semtrix GmbH</strong><br />
Rethelstraße 38<br />
40237 Düsseldorf</p>
<p>Handelsregister: 75564<br />
Registergericht: Düsseldorf</p>
<p><strong>Vertreten durch:</strong><br />
Andréa Bensaid</p>
<p><strong>Kontakt<br />
</strong>Telefon: +49 (0) 211 688 535-0<br />
E-Mail: info@semtrix.de</p>
<p><strong>Umsatzsteuer-ID<br />
</strong>Umsatzsteuer-Identifikationsnummer gemäß § 27 a Umsatzsteuergesetz:<br />
DE 815576239</p>
<p><strong>Redaktionell verantwortlich<br />
</strong>Andréa Bensaid</p>
<p><strong>Verbraucher­streit­beilegung/Universal­schlichtungs­stelle<br />
</strong>Wir sind nicht bereit oder verpflichtet, an Streitbeilegungsverfahren vor einer Verbraucherschlichtungsstelle teilzunehmen.</p>

<p>Betreiberin und inhaltlich verantwortlich im Sinne des Paragraphen 5 TMG für diese Webseite ist die: Semtrix GmbH Rethelstraße 38 40237 Düsseldorf Handelsregister: 75564 Registergericht: Düsseldorf Vertreten durch: Andréa Bensaid Kontakt Telefon: +49 (0) 211 688 535-0 E-Mail: info@semtrix.de Umsatzsteuer-ID Umsatzsteuer-Identifikationsnummer gemäß § 27 a Umsatzsteuergesetz: DE 815576239 Redaktionell verantwortlich Andréa Bensaid Verbraucher­streit­beilegung/Universal­schlichtungs­stelle Wir sind nicht&hellip;</p>
<p class="more-link"><a href="https://www.arbeitskreis-sozialpolitik.de/index.php/impressum/" class="themebutton">Read More</a></p>

<!-- This site is optimized with the Yoast SEO plugin v27.5 - https://yoast.com/product/yoast-seo-wordpress/ -->
<title>Impressum - Arbeitskreis Sozialpolitik</title>
<meta name="robots" content="index, nofollow, max-snippet:-1, max-image-preview:large, max-video-preview:-1" />
<link rel="canonical" href="https://www.arbeitskreis-sozialpolitik.de/index.php/impressum/" />
<meta property="og:locale" content="de_DE" />
<meta property="og:type" content="article" />
<meta property="og:title" content="Impressum - Arbeitskreis Sozialpolitik" />
<meta property="og:description" content="Betreiberin und inhaltlich verantwortlich im Sinne des Paragraphen 5 TMG für diese Webseite ist die: Semtrix GmbH Rethelstraße 38 40237 Düsseldorf Handelsregister: 75564 Registergericht: Düsseldorf Vertreten durch: Andréa Bensaid Kontakt Telefon: +49 (0) 211 688 535-0 E-Mail: info@semtrix.de Umsatzsteuer-ID Umsatzsteuer-Identifikationsnummer gemäß § 27 a Umsatzsteuergesetz: DE 815576239 Redaktionell verantwortlich Andréa Bensaid Verbraucher­streit­beilegung/Universal­schlichtungs­stelle Wir sind nicht&hellip;Read More" />
<meta property="og:url" content="https://www.arbeitskreis-sozialpolitik.de/index.php/impressum/" />
<meta property="og:site_name" content="Arbeitskreis Sozialpolitik" />
<meta property="article:modified_time" content="2024-04-19T15:10:21+00:00" />
<meta name="twitter:card" content="summary_large_image" />
<meta name="twitter:label1" content="Geschätzte Lesezeit" />
	<meta name="twitter:data1" content="1 Minute" />
<script type="application/ld+json" class="yoast-schema-graph">{"@context":"https:\/\/schema.org","@graph":[{"@type":"WebPage","@id":"https:\/\/www.arbeitskreis-sozialpolitik.de\/index.php\/impressum\/","url":"https:\/\/www.arbeitskreis-sozialpolitik.de\/index.php\/impressum\/","name":"Impressum - Arbeitskreis Sozialpolitik","isPartOf":{"@id":"https:\/\/www.arbeitskreis-sozialpolitik.de\/#website"},"datePublished":"2021-01-19T13:34:14+00:00","dateModified":"2024-04-19T15:10:21+00:00","breadcrumb":{"@id":"https:\/\/www.arbeitskreis-sozialpolitik.de\/index.php\/impressum\/#breadcrumb"},"inLanguage":"de","potentialAction":[{"@type":"ReadAction","target":["https:\/\/www.arbeitskreis-sozialpolitik.de\/index.php\/impressum\/"]}]},{"@type":"BreadcrumbList","@id":"https:\/\/www.arbeitskreis-sozialpolitik.de\/index.php\/impressum\/#breadcrumb","itemListElement":[{"@type":"ListItem","position":1,"name":"Startseite","item":"https:\/\/www.arbeitskreis-sozialpolitik.de\/"},{"@type":"ListItem","position":2,"name":"Impressum"}]},{"@type":"WebSite","@id":"https:\/\/www.arbeitskreis-sozialpolitik.de\/#website","url":"https:\/\/www.arbeitskreis-sozialpolitik.de\/","name":"Arbeitskreis Sozialpolitik","description":"","potentialAction":[{"@type":"SearchAction","target":{"@type":"EntryPoint","urlTemplate":"https:\/\/www.arbeitskreis-sozialpolitik.de\/?s={search_term_string}"},"query-input":{"@type":"PropertyValueSpecification","valueRequired":true,"valueName":"search_term_string"}}],"inLanguage":"de"}]}</script>
<!-- / Yoast SEO plugin. -->

Betreiberin und inhaltlich verantwortlich im Sinne des Paragraphen 5 TMG für diese Webseite ist die: Semtrix GmbH Rethelstraße 38 40237 Düsseldorf Handelsregister: 75564 Registergericht: Düsseldorf Vertreten durch: Andréa Bensaid Kontakt Telefon: +49 (0) 211 688 535-0 E-Mail: info@semtrix.de Umsatzsteuer-ID Umsatzsteuer-Identifikationsnummer gemäß § 27 a Umsatzsteuergesetz: DE 815576239 Redaktionell verantwortlich Andréa Bensaid Verbraucher­streit­beilegung/Universal­schlichtungs­stelle Wir sind nicht&hellip;Read More
